{"id":868,"date":"2019-11-03T19:22:30","date_gmt":"2019-11-03T18:22:30","guid":{"rendered":"http:\/\/modernebiotechnologie.de\/?page_id=868"},"modified":"2019-11-18T09:35:40","modified_gmt":"2019-11-18T08:35:40","slug":"erasmus-tag","status":"publish","type":"page","link":"http:\/\/modernebiotechnologie.de\/?page_id=868","title":{"rendered":"ErasmusDays in Pforzheim 11.10.2019"},"content":{"rendered":"\n<p>Die ErasmusDays sind Tage, an welchen europaweit Schulen und andere Erasmus aktive Institutionen ihre Projekte der \u00d6ffentlichkeit vorstellen. Am 11.10.2019 fand in der Stadtbibliothek Pforzheim, organisiert durch die Stadtverwaltung, gemeinsam mit den Pforzheimer Erasmus Schulen dieser Tag statt. <\/p>\n\n\n\n<p>Die AG vertrat dabei die Johanna-Wittum-Schule und pr\u00e4sentierte anhand zweier Experimente zum Ausprobieren das Schulpartnerschaftsprojekt \u201eEuropean Challenges in Modern Genetics and Epigenetics\u201c. Dieses Projekt bearbeitet die JWS vom 1.9.2019 -31.8.2021 gemeinsam mit 5 Partnerschulen aus Wien, Evreux, Brno, Thisted und Vicenza.<\/p>\n\n\n\n<p>Aus Sicht der AG-Biotechnologie war der Erasmus day in der Stadtbibliothek gemeinsam mit der Stadtverwaltung ein voller Erfolg.F\u00fcr die AG-Sch\u00fcler war es eine tolle Plattform auf der sie der \u00d6ffentlichkeit zeigen konnten, welche experimentellen Themen wir im Bereich Biotechnologie mit unseren Erasmus Schulpartnern aktuell bearbeiten.So sind viele Besucher (ca. 50) unseres Standes mit einer erfolgreich im Experiment hergestellten Halskette, gef\u00fcllt mit ihrer eigenen Erbinfo (DNA), isoliert aus Mundschleimhautzellen, nach Hause gegangen. &nbsp;Die Veranstaltung hat allen Beteiligten sehr viel Spass gemacht und man hat sich als Erasmus Aktive hier in Pforzheim kennen und sch\u00e4tzen gelernt.<\/p>\n\n\n\n<p>Hier einige Bilder zu den ErasmusDays:<\/p>\n\n\n\n<figure class=\"wp-block-video\"><video controls src=\"http:\/\/modernebiotechnologie.de\/wp-content\/uploads\/2019\/10\/Erasmus-Tag-2019.mp4\"><\/video><\/figure>\n\n\n\n<p>Hier\nnoch ein link zum Facebook Artikel:<\/p>\n\n\n\n<figure class=\"wp-block-embed-facebook wp-block-embed is-type-rich is-provider-facebook\"><div class=\"wp-block-embed__wrapper\">\n<div id=\"fb-root\"><\/div><script async=\"1\" defer=\"1\" crossorigin=\"anonymous\" src=\"https:\/\/connect.facebook.net\/de_DE\/sdk.js#xfbml=1&amp;version=v5.0\"><\/script><div class=\"fb-post\" data-href=\"https:\/\/www.facebook.com\/2392549100804458\/posts\/2586690361390330\/\" data-width=\"750\"><blockquote cite=\"https:\/\/www.facebook.com\/europa.pforzheim\/posts\/2586690361390330\" class=\"fb-xfbml-parse-ignore\"><p>ErasmusDays 2019 in der Stadtbibliothek PforzheimIn diesem Jahr machen wir zum ersten Mal bei den europaweiten&#8230;<\/p>Gepostet von <a href=\"https:\/\/www.facebook.com\/europa.pforzheim\/\">Europa und St\u00e4dtepartnerschaften Pforzheim<\/a> am&nbsp;<a href=\"https:\/\/www.facebook.com\/europa.pforzheim\/posts\/2586690361390330\">Freitag, 11. Oktober 2019<\/a><\/blockquote><\/div>\n<\/div><\/figure>\n\n\n\n<p>Hier der\nlink zum Artikel auf der Stadt Homepage:<\/p>\n\n\n\n<p><a href=\"https:\/\/www.pforzheim.de\/stadt\/aktuelles\/pressemeldungen\/s1\/article\/detail\/News\/erasmusdays-2019-stadt-pforzheim-feiert-praemiere-in-der-stadtbibliothek.html\">https:\/\/www.pforzheim.de\/stadt\/aktuelles\/pressemeldungen\/s1\/article\/detail\/News\/erasmusdays-2019-stadt-pforzheim-feiert-praemiere-in-der-stadtbibliothek.html<\/a><\/p>\n","protected":false},"excerpt":{"rendered":"<p>Die ErasmusDays sind Tage, an welchen europaweit Schulen und andere Erasmus aktive Institutionen ihre Projekte der \u00d6ffentlichkeit vorstellen. Am 11.10.2019 fand in der Stadtbibliothek Pforzheim, organisiert durch die Stadtverwaltung, gemeinsam mit den Pforzheimer Erasmus Schulen dieser Tag statt. Die AG vertrat dabei die Johanna-Wittum-Schule und pr\u00e4sentierte anhand zweier Experimente zum Ausprobieren das Schulpartnerschaftsprojekt \u201eEuropean Challenges [&hellip;]<\/p>\n","protected":false},"author":2,"featured_media":904,"parent":0,"menu_order":0,"comment_status":"closed","ping_status":"closed","template":"","meta":{"footnotes":""},"_links":{"self":[{"href":"http:\/\/modernebiotechnologie.de\/index.php?rest_route=\/wp\/v2\/pages\/868"}],"collection":[{"href":"http:\/\/modernebiotechnologie.de\/index.php?rest_route=\/wp\/v2\/pages"}],"about":[{"href":"http:\/\/modernebiotechnologie.de\/index.php?rest_route=\/wp\/v2\/types\/page"}],"author":[{"embeddable":true,"href":"http:\/\/modernebiotechnologie.de\/index.php?rest_route=\/wp\/v2\/users\/2"}],"replies":[{"embeddable":true,"href":"http:\/\/modernebiotechnologie.de\/index.php?rest_route=%2Fwp%2Fv2%2Fcomments&post=868"}],"version-history":[{"count":6,"href":"http:\/\/modernebiotechnologie.de\/index.php?rest_route=\/wp\/v2\/pages\/868\/revisions"}],"predecessor-version":[{"id":915,"href":"http:\/\/modernebiotechnologie.de\/index.php?rest_route=\/wp\/v2\/pages\/868\/revisions\/915"}],"wp:featuredmedia":[{"embeddable":true,"href":"http:\/\/modernebiotechnologie.de\/index.php?rest_route=\/wp\/v2\/media\/904"}],"wp:attachment":[{"href":"http:\/\/modernebiotechnologie.de\/index.php?rest_route=%2Fwp%2Fv2%2Fmedia&parent=868"}],"curies":[{"name":"wp","href":"https:\/\/api.w.org\/{rel}","templated":true}]}}

<p>Die ErasmusDays sind Tage, an welchen europaweit Schulen und andere Erasmus aktive Institutionen ihre Projekte der Öffentlichkeit vorstellen. Am 11.10.2019 fand in der Stadtbibliothek Pforzheim, organisiert durch die Stadtverwaltung, gemeinsam mit den Pforzheimer Erasmus Schulen dieser Tag statt. </p>



<p>Die AG vertrat dabei die Johanna-Wittum-Schule und präsentierte anhand zweier Experimente zum Ausprobieren das Schulpartnerschaftsprojekt „European Challenges in Modern Genetics and Epigenetics“. Dieses Projekt bearbeitet die JWS vom 1.9.2019 -31.8.2021 gemeinsam mit 5 Partnerschulen aus Wien, Evreux, Brno, Thisted und Vicenza.</p>



<p>Aus Sicht der AG-Biotechnologie war der Erasmus day in der Stadtbibliothek gemeinsam mit der Stadtverwaltung ein voller Erfolg.Für die AG-Schüler war es eine tolle Plattform auf der sie der Öffentlichkeit zeigen konnten, welche experimentellen Themen wir im Bereich Biotechnologie mit unseren Erasmus Schulpartnern aktuell bearbeiten.So sind viele Besucher (ca. 50) unseres Standes mit einer erfolgreich im Experiment hergestellten Halskette, gefüllt mit ihrer eigenen Erbinfo (DNA), isoliert aus Mundschleimhautzellen, nach Hause gegangen. &nbsp;Die Veranstaltung hat allen Beteiligten sehr viel Spass gemacht und man hat sich als Erasmus Aktive hier in Pforzheim kennen und schätzen gelernt.</p>



<p>Hier einige Bilder zu den ErasmusDays:</p>



<figure class="wp-block-video"><video controls src="http://modernebiotechnologie.de/wp-content/uploads/2019/10/Erasmus-Tag-2019.mp4"></video></figure>



<p>Hier
noch ein link zum Facebook Artikel:</p>



<figure class="wp-block-embed-facebook wp-block-embed is-type-rich is-provider-facebook"><div class="wp-block-embed__wrapper">
<div id="fb-root"></div><script async="1" defer="1" crossorigin="anonymous" src="https://connect.facebook.net/de_DE/sdk.js#xfbml=1&amp;version=v5.0"></script><div class="fb-post" data-href="https://www.facebook.com/2392549100804458/posts/2586690361390330/" data-width="750"><blockquote cite="https://www.facebook.com/europa.pforzheim/posts/2586690361390330" class="fb-xfbml-parse-ignore"><p>ErasmusDays 2019 in der Stadtbibliothek PforzheimIn diesem Jahr machen wir zum ersten Mal bei den europaweiten&#8230;</p>Gepostet von <a href="https://www.facebook.com/europa.pforzheim/">Europa und Städtepartnerschaften Pforzheim</a> am&nbsp;<a href="https://www.facebook.com/europa.pforzheim/posts/2586690361390330">Freitag, 11. Oktober 2019</a></blockquote></div>
</div></figure>



<p>Hier der
link zum Artikel auf der Stadt Homepage:</p>



<p><a href="https://www.pforzheim.de/stadt/aktuelles/pressemeldungen/s1/article/detail/News/erasmusdays-2019-stadt-pforzheim-feiert-praemiere-in-der-stadtbibliothek.html">https://www.pforzheim.de/stadt/aktuelles/pressemeldungen/s1/article/detail/News/erasmusdays-2019-stadt-pforzheim-feiert-praemiere-in-der-stadtbibliothek.html</a></p>

<p>Die ErasmusDays sind Tage, an welchen europaweit Schulen und andere Erasmus aktive Institutionen ihre Projekte der Öffentlichkeit vorstellen. Am 11.10.2019 fand in der Stadtbibliothek Pforzheim, organisiert durch die Stadtverwaltung, gemeinsam mit den Pforzheimer Erasmus Schulen dieser Tag statt. Die AG vertrat dabei die Johanna-Wittum-Schule und präsentierte anhand zweier Experimente zum Ausprobieren das Schulpartnerschaftsprojekt „European Challenges [&hellip;]</p>
