{"id":660,"date":"2019-07-18T06:15:58","date_gmt":"2019-07-18T06:15:58","guid":{"rendered":"http:\/\/modernebiotechnologie.de\/?page_id=660"},"modified":"2019-07-18T07:25:58","modified_gmt":"2019-07-18T07:25:58","slug":"begruessungsempfang-im-pforzheimer-ihk-haus","status":"publish","type":"page","link":"http:\/\/modernebiotechnologie.de\/?page_id=660","title":{"rendered":"Begr\u00fc\u00dfungsempfang im Pforzheimer IHK-Haus"},"content":{"rendered":"\n<p>Elf chinesische Sch\u00fclerinnen und Sch\u00fcler der Nanjing Foreign Language School und ihre Lehrerin Mei Jingyi nehmen an einem mehrw\u00f6chigen Austauschprogramm der Johanna-Wittum-Schule Pforzheim (JWS) teil. Unterst\u00fctzt wird dieses Programm, das bereits zum siebten Mal stattfindet, durch den Rotary Club Pforzheim und die IHK Nordschwarzwald. Zu Beginn ihres Aufenthaltes in der Goldstadt waren die chinesischen Sch\u00fcler und ihre deutschen Gastfamilien auf Einladung der IHK Nordschwarzwald zu einem Begr\u00fc\u00dfungsempfang ins Pforzheimer IHK-Haus gekommen.<\/p>\n<p>\u00a0<\/p>\n<p><img loading=\"lazy\" decoding=\"async\" class=\"alignnone size-large wp-image-662\" src=\"http:\/\/modernebiotechnologie.de\/wp-content\/uploads\/2019\/07\/PM_76_schueleraustausch-nanjing-pforzheim2019-2-1024x684.jpg\" alt=\"\" width=\"1024\" height=\"684\" srcset=\"http:\/\/modernebiotechnologie.de\/wp-content\/uploads\/2019\/07\/PM_76_schueleraustausch-nanjing-pforzheim2019-2-1024x684.jpg 1024w, http:\/\/modernebiotechnologie.de\/wp-content\/uploads\/2019\/07\/PM_76_schueleraustausch-nanjing-pforzheim2019-2-300x200.jpg 300w, http:\/\/modernebiotechnologie.de\/wp-content\/uploads\/2019\/07\/PM_76_schueleraustausch-nanjing-pforzheim2019-2-768x513.jpg 768w\" sizes=\"(max-width: 1024px) 100vw, 1024px\" \/><\/p>\n<p><em>Teilnehmerinnen und Teilnehmer des Student Exchange Nanjing-Pforzheim, Vertreter der IHK Nordschwarzwald, des Kultusministeriums, des Rotary Clubs Pforzheim und der Johanna-Wittum-Schule.<\/em><\/p>\n<p>\u00a0<\/p>\n<p>Fabian Willeke, IHK-Experte f\u00fcr internationale Handelspolitik, f\u00fchrte in seiner Begr\u00fc\u00dfung den Stellenwert dieses deutsch-chinesischen Projekts vor Augen: \u201eIn einer globalisierten, auf Wettbewerb ausgerichteten Welt sind internationale Erfahrungen f\u00fcr die beruflichen Perspektiven engagierter junger Menschen von enormer Bedeutung\u201c, betonte er. Wie Baden-W\u00fcrttemberg sei Nanjing, das in der chinesischen Provinz Jiangsu im Osten Chinas liegt, eine erfolgreiche Wirtschaftsregion. Mit diesem Projekt leisten die Johanna-Wittum-Schule, der Rotary Club Pforzheim und die IHK einen wichtigen Beitrag zur F\u00f6rderung der wirtschaftlichen und kulturellen Kooperation. \u201eGerade in einer Zeit in der vielfach der Ab- und Ausgrenzung das Wort geredet wird, ist das gegenseitige Verst\u00e4ndnis anderer Kulturen und Arbeitswelten enorm wichtig\u201c, betonte Willeke. Florian Kollmar, Pr\u00e4sident des Rotary Clubs Pforzheim, erg\u00e4nzt: \u201eWir wollen mit der F\u00f6rderung des Austauschprojekts besonders bef\u00e4higten Sch\u00fclern der JWS die Gelegenheit geben diese wichtigen internationalen Kompetenzen zu erwerben.\u201c<\/p>\n<p>Den Projektinitiatoren der Johanna-Wittum-Schule ist es wichtig, dass der Aufenthalt der Gastsch\u00fcler in Gastfamilien stattfindet. \u201eMit ihrem Engagement leisten die gastgebenden Eltern in Pforzheim und Nanjing einen wesentlichen Beitrag zum Gelingen des Projekts\u201c, so die Schulleiterin Frau Dr. Kagerhuber. Zugleich bedankte sie sich f\u00fcr die gro\u00dfz\u00fcgige Unterst\u00fctzung durch den Rotary Club Pforzheim, ohne dessen Hilfe das Projekt nicht m\u00f6glich w\u00e4re.<\/p>\n<p>\u00a0<\/p>\n<p><img loading=\"lazy\" decoding=\"async\" class=\" wp-image-663 aligncenter\" src=\"http:\/\/modernebiotechnologie.de\/wp-content\/uploads\/2019\/07\/IMG_4221-e1563430529275-1024x768.jpg\" alt=\"\" width=\"799\" height=\"600\" srcset=\"http:\/\/modernebiotechnologie.de\/wp-content\/uploads\/2019\/07\/IMG_4221-e1563430529275-1024x768.jpg 1024w, http:\/\/modernebiotechnologie.de\/wp-content\/uploads\/2019\/07\/IMG_4221-e1563430529275-300x225.jpg 300w, http:\/\/modernebiotechnologie.de\/wp-content\/uploads\/2019\/07\/IMG_4221-e1563430529275-768x576.jpg 768w\" sizes=\"(max-width: 799px) 100vw, 799px\" \/><\/p>\n<p>\u00a0<\/p>\n<p>Der Gegenbesuch der Pforzheimer Sch\u00fclerinnen und Sch\u00fcler Katerina Liebig, Doreen Beyer, Jovana Topalovska, Luca Obradovic und Raffa Zalfa findet vom 5. September bis 4. Oktober 2019 in Nanjing statt. Dort werden sie ebenfalls am Unterricht teilnehmen und ein zweiw\u00f6chiges Praktikum in einem Unternehmen absolvieren, das Produkte der traditionellen chinesischen Medizin herstellt. \u201eSolche Projekte sind f\u00fcr unsere Sch\u00fcler eine gro\u00dfe Herausforderung und zugleich eine besondere Chance. Sie m\u00fcssen sich mit Hilfe ihrer chinesischen Gastgeber in einem kulturell ganz anders gepr\u00e4gten Umfeld zurechtfinden\u201c, sagt Dr. J\u00fcrgen Braun (JWS), der das Projekt gemeinsam mit dem ehemaligen IHK Pr\u00e4sidenten Burkhard Thost und Dr. Thomas H\u00e4hl (Gesch\u00e4ftsf\u00fchrer der H\u00c4HL GmbH) auf den Weg gebracht hat.<\/p>\n<p>\u00a0<\/p>\n","protected":false},"excerpt":{"rendered":"<p>Elf chinesische Sch\u00fclerinnen und Sch\u00fcler der Nanjing Foreign Language School und ihre Lehrerin Mei Jingyi nehmen an einem mehrw\u00f6chigen Austauschprogramm der Johanna-Wittum-Schule Pforzheim (JWS) teil. Unterst\u00fctzt wird dieses Programm, das bereits zum siebten Mal stattfindet, durch den Rotary Club Pforzheim und die IHK Nordschwarzwald. Zu Beginn ihres Aufenthaltes in der Goldstadt waren die chinesischen Sch\u00fcler [&hellip;]<\/p>\n","protected":false},"author":2,"featured_media":0,"parent":80,"menu_order":0,"comment_status":"closed","ping_status":"closed","template":"","meta":{"footnotes":""},"_links":{"self":[{"href":"http:\/\/modernebiotechnologie.de\/index.php?rest_route=\/wp\/v2\/pages\/660"}],"collection":[{"href":"http:\/\/modernebiotechnologie.de\/index.php?rest_route=\/wp\/v2\/pages"}],"about":[{"href":"http:\/\/modernebiotechnologie.de\/index.php?rest_route=\/wp\/v2\/types\/page"}],"author":[{"embeddable":true,"href":"http:\/\/modernebiotechnologie.de\/index.php?rest_route=\/wp\/v2\/users\/2"}],"replies":[{"embeddable":true,"href":"http:\/\/modernebiotechnologie.de\/index.php?rest_route=%2Fwp%2Fv2%2Fcomments&post=660"}],"version-history":[{"count":4,"href":"http:\/\/modernebiotechnologie.de\/index.php?rest_route=\/wp\/v2\/pages\/660\/revisions"}],"predecessor-version":[{"id":677,"href":"http:\/\/modernebiotechnologie.de\/index.php?rest_route=\/wp\/v2\/pages\/660\/revisions\/677"}],"up":[{"embeddable":true,"href":"http:\/\/modernebiotechnologie.de\/index.php?rest_route=\/wp\/v2\/pages\/80"}],"wp:attachment":[{"href":"http:\/\/modernebiotechnologie.de\/index.php?rest_route=%2Fwp%2Fv2%2Fmedia&parent=660"}],"curies":[{"name":"wp","href":"https:\/\/api.w.org\/{rel}","templated":true}]}}