{"id":3128,"date":"2025-09-18T23:21:22","date_gmt":"2025-09-18T21:21:22","guid":{"rendered":"http:\/\/modernebiotechnologie.de\/?page_id=3128"},"modified":"2025-09-18T23:21:22","modified_gmt":"2025-09-18T21:21:22","slug":"deutsche-schueler-forschen-in-amerika","status":"publish","type":"page","link":"http:\/\/modernebiotechnologie.de\/?page_id=3128","title":{"rendered":"Deutsche Sch\u00fcler forschen in Amerika"},"content":{"rendered":"\n\n\n<p><span style=\"font-size: large;\">Im Sommer 2025 findet der deutsch-amerikanische Sch\u00fcleraustausch zwischen der Governor School for Science and Mathematics (GSSM), Hartsville South Carolina und der Johanna-Wittum Schule (JWS) in Pforzheim zum 17ten mal statt. <\/span><\/p>\n\n\n\n<figure class=\"wp-block-image size-full is-resized\"><img loading=\"lazy\" decoding=\"async\" width=\"642\" height=\"856\" src=\"http:\/\/modernebiotechnologie.de\/wp-content\/uploads\/2025\/09\/dgfsdgsdf.jpg\" alt=\"\" class=\"wp-image-3129\" style=\"width:508px;height:auto\" srcset=\"http:\/\/modernebiotechnologie.de\/wp-content\/uploads\/2025\/09\/dgfsdgsdf.jpg 642w, http:\/\/modernebiotechnologie.de\/wp-content\/uploads\/2025\/09\/dgfsdgsdf-225x300.jpg 225w\" sizes=\"(max-width: 642px) 100vw, 642px\" \/><\/figure>\n\n\n\n<p><span style=\"font-size: large;\">Bei diesem Austausch wird den drei Sch\u00fclerinnen der JWS \u2013 Lilly Schubert, Selin M\u00fcller und Hannah Vrancken \u2013 die M\u00f6glichkeit gegeben, f\u00fcr sechs Wochen selbstst\u00e4ndig in einem Forschungsinstitut zu arbeiten. Dabei sammeln sie Laborerfahrungen, lernen eigenst\u00e4ndig an Projekten zu arbeiten, Problemen nachzugehen und wissenschaftlich zu denken. <\/span><\/p>\n<p><span style=\"font-size: large;\">Die Sch\u00fclerinnen haben die M\u00f6glichkeit, w\u00e4hrend ihres Aufenthalts vom 18.08.25 bis zum 01.10.25, Teil von folgenden Projekten des Pee Dee Research and Education Center der Clemson Universit\u00e4t SC zu sein: <\/span><\/p>\n<ol>\n<li>\n<p><span style=\"font-size: large;\">Molekulare Charakterisierung von Weizenlinien, die durch genetische Kreuzung von glutenfreien Weizenmutanten entwickelt wurden<\/span><\/p>\n<\/li>\n<li>\n<p><span style=\"font-size: large;\">Molekulare Charakterisierung von Erdnusslinien. Konventionelle Z\u00fcchtung mit dem Ziel einer reduzierten Immunogenit\u00e4t <\/span><\/p>\n<\/li>\n<li>\n<p><span style=\"font-size: large;\">Entwicklung von nicht toxinbildenden, irreversiblen Aspergillus-St\u00e4mmen zur Bek\u00e4mpfung von Aflatoxin-Kontaminationen <\/span><\/p>\n<\/li>\n<\/ol>\n\n\n\n<figure class=\"wp-block-image size-full is-resized\"><img loading=\"lazy\" decoding=\"async\" width=\"964\" height=\"723\" src=\"http:\/\/modernebiotechnologie.de\/wp-content\/uploads\/2025\/09\/hjhkhj.jpg\" alt=\"\" class=\"wp-image-3130\" style=\"width:724px;height:auto\" srcset=\"http:\/\/modernebiotechnologie.de\/wp-content\/uploads\/2025\/09\/hjhkhj.jpg 964w, http:\/\/modernebiotechnologie.de\/wp-content\/uploads\/2025\/09\/hjhkhj-300x225.jpg 300w, http:\/\/modernebiotechnologie.de\/wp-content\/uploads\/2025\/09\/hjhkhj-768x576.jpg 768w\" sizes=\"(max-width: 964px) 100vw, 964px\" \/><\/figure>\n\n\n\n<p><span style=\"font-size: large;\">Dabei haben sie die Unterst\u00fctzung vom renommierten Wissenschaftler Dr. Sachin Rustgi sowie von seinem Team. Neben diesen Forschungsarbeiten haben sie die einzigartige M\u00f6glichkeit, die Kultur, Sprache und das Schulsystem haut nah zu erleben, sowie Internationale Freundschaften zu kn\u00fcpfen. <\/span><\/p>\n<p><span style=\"font-size: large;\">Verfasst von Hannah Vrancken, Lilly Schubert und Selin M\u00fcller<\/span><\/p>\n","protected":false},"excerpt":{"rendered":"<p>Im Sommer 2025 findet der deutsch-amerikanische Sch\u00fcleraustausch zwischen der Governor School for Science and Mathematics (GSSM), Hartsville South Carolina und der Johanna-Wittum Schule (JWS) in Pforzheim zum 17ten mal statt. Bei diesem Austausch wird den drei Sch\u00fclerinnen der JWS \u2013 Lilly Schubert, Selin M\u00fcller und Hannah Vrancken \u2013 die M\u00f6glichkeit gegeben, f\u00fcr sechs Wochen selbstst\u00e4ndig [&hellip;]<\/p>\n","protected":false},"author":15,"featured_media":0,"parent":0,"menu_order":0,"comment_status":"closed","ping_status":"closed","template":"","meta":{"footnotes":""},"_links":{"self":[{"href":"http:\/\/modernebiotechnologie.de\/index.php?rest_route=\/wp\/v2\/pages\/3128"}],"collection":[{"href":"http:\/\/modernebiotechnologie.de\/index.php?rest_route=\/wp\/v2\/pages"}],"about":[{"href":"http:\/\/modernebiotechnologie.de\/index.php?rest_route=\/wp\/v2\/types\/page"}],"author":[{"embeddable":true,"href":"http:\/\/modernebiotechnologie.de\/index.php?rest_route=\/wp\/v2\/users\/15"}],"replies":[{"embeddable":true,"href":"http:\/\/modernebiotechnologie.de\/index.php?rest_route=%2Fwp%2Fv2%2Fcomments&post=3128"}],"version-history":[{"count":1,"href":"http:\/\/modernebiotechnologie.de\/index.php?rest_route=\/wp\/v2\/pages\/3128\/revisions"}],"predecessor-version":[{"id":3131,"href":"http:\/\/modernebiotechnologie.de\/index.php?rest_route=\/wp\/v2\/pages\/3128\/revisions\/3131"}],"wp:attachment":[{"href":"http:\/\/modernebiotechnologie.de\/index.php?rest_route=%2Fwp%2Fv2%2Fmedia&parent=3128"}],"curies":[{"name":"wp","href":"https:\/\/api.w.org\/{rel}","templated":true}]}}