{"id":2785,"date":"2023-12-12T13:44:22","date_gmt":"2023-12-12T12:44:22","guid":{"rendered":"http:\/\/modernebiotechnologie.de\/?page_id=2785"},"modified":"2023-12-12T13:44:23","modified_gmt":"2023-12-12T12:44:23","slug":"erster-besuch-in-indien","status":"publish","type":"page","link":"http:\/\/modernebiotechnologie.de\/?page_id=2785","title":{"rendered":"Erster Besuch in Indien"},"content":{"rendered":"\n\n\n<p>Im Oktober 2023 besuchten die deutschen Johanna-Wittum-Sch\u00fcler zum ersten Mal ihre Austauschschule, das Modern College of Arts, Science and Commerce in Indien, und wurden dort feierlich begr\u00fc\u00dft.Die indische Schule hatte einen traditionellen indischen Empfang f\u00fcr die deutschen Sch\u00fcler vorbereitet. Die Sch\u00fcler wurden mit Reis und Blumen bestreut und mit einem roten Punkt geschm\u00fcckt. Die indischen Sch\u00fcler trugen traditionelle Trachten, die die verschiedenen indischen Bundesstaaten repr\u00e4sentierten, und pr\u00e4sentierten verschiedene kulturelle indische T\u00e4nze, Sehensw\u00fcrdigkeiten und Geschichten.<\/p>\n\n\n\n<figure class=\"wp-block-image size-large\"><img loading=\"lazy\" decoding=\"async\" width=\"1024\" height=\"768\" src=\"http:\/\/modernebiotechnologie.de\/wp-content\/uploads\/2023\/12\/WhatsApp-Image-2023-12-12-at-13.38.50-1024x768.jpeg\" alt=\"\" class=\"wp-image-2787\" srcset=\"http:\/\/modernebiotechnologie.de\/wp-content\/uploads\/2023\/12\/WhatsApp-Image-2023-12-12-at-13.38.50-1024x768.jpeg 1024w, http:\/\/modernebiotechnologie.de\/wp-content\/uploads\/2023\/12\/WhatsApp-Image-2023-12-12-at-13.38.50-300x225.jpeg 300w, http:\/\/modernebiotechnologie.de\/wp-content\/uploads\/2023\/12\/WhatsApp-Image-2023-12-12-at-13.38.50-768x576.jpeg 768w, http:\/\/modernebiotechnologie.de\/wp-content\/uploads\/2023\/12\/WhatsApp-Image-2023-12-12-at-13.38.50-1536x1152.jpeg 1536w, http:\/\/modernebiotechnologie.de\/wp-content\/uploads\/2023\/12\/WhatsApp-Image-2023-12-12-at-13.38.50.jpeg 1600w\" sizes=\"(max-width: 1024px) 100vw, 1024px\" \/><\/figure>\n\n\n\n<p>Der Aufenthalt war mit einem von der indischen Schule ausgearbeiteten Programm geplant, das viele kulturelle Aspekte beinhaltete, wie z.B. eine von den indischen Sch\u00fclern gef\u00fchrte Tour durch die sch\u00f6ne Stadt Pune und den Besuch verschiedener Sehensw\u00fcrdigkeiten, wie z.B. den Aga Khan Palast, wo wir viel \u00fcber Mahatma Ghandi erfuhren, das Shaniwarwada Fort und einen Besuch des Bhandarkar Oriental Research Institute f\u00fcr Kalligraphie, Schrift, Sprache und Geschichte.<\/p>\n\n\n\n<figure class=\"wp-block-image size-large\"><img loading=\"lazy\" decoding=\"async\" width=\"1024\" height=\"768\" src=\"http:\/\/modernebiotechnologie.de\/wp-content\/uploads\/2023\/12\/WhatsApp-Image-2023-12-12-at-13.41.44-1024x768.jpeg\" alt=\"\" class=\"wp-image-2789\" srcset=\"http:\/\/modernebiotechnologie.de\/wp-content\/uploads\/2023\/12\/WhatsApp-Image-2023-12-12-at-13.41.44-1024x768.jpeg 1024w, http:\/\/modernebiotechnologie.de\/wp-content\/uploads\/2023\/12\/WhatsApp-Image-2023-12-12-at-13.41.44-300x225.jpeg 300w, http:\/\/modernebiotechnologie.de\/wp-content\/uploads\/2023\/12\/WhatsApp-Image-2023-12-12-at-13.41.44-768x576.jpeg 768w, http:\/\/modernebiotechnologie.de\/wp-content\/uploads\/2023\/12\/WhatsApp-Image-2023-12-12-at-13.41.44-1536x1152.jpeg 1536w, http:\/\/modernebiotechnologie.de\/wp-content\/uploads\/2023\/12\/WhatsApp-Image-2023-12-12-at-13.41.44.jpeg 1600w\" sizes=\"(max-width: 1024px) 100vw, 1024px\" \/><\/figure>\n\n\n\n<p>Neben dem kulturellen Teil des Programms gab es auch einen wissenschaftlichen Teil, in dem wir Einblicke in indische Laboratorien erhielten, wie z.B. F\u00fchrungen und Demonstrationen in Institutionen wie NCCS, Green Array &#8211; Genomic Research &amp; Solutions of Accurate Diagnostic Private Limited, Pune, IISER &#8211; Indian Institution of Science Education and Research.<br \/>Den Abschluss des wissenschaftlichen Programms bildete der Besuch des IUCAA &#8211; Inter-University Centre for Astronomy and Astrophysics mit einer F\u00fchrung durch das Institut und anschlie\u00dfender Beobachtung des Sternenhimmels.<\/p>\n\n\n\n<figure class=\"wp-block-image size-large\"><img loading=\"lazy\" decoding=\"async\" width=\"1024\" height=\"768\" src=\"http:\/\/modernebiotechnologie.de\/wp-content\/uploads\/2023\/12\/WhatsApp-Image-2023-12-12-at-13.41.45-1024x768.jpeg\" alt=\"\" class=\"wp-image-2788\" srcset=\"http:\/\/modernebiotechnologie.de\/wp-content\/uploads\/2023\/12\/WhatsApp-Image-2023-12-12-at-13.41.45-1024x768.jpeg 1024w, http:\/\/modernebiotechnologie.de\/wp-content\/uploads\/2023\/12\/WhatsApp-Image-2023-12-12-at-13.41.45-300x225.jpeg 300w, http:\/\/modernebiotechnologie.de\/wp-content\/uploads\/2023\/12\/WhatsApp-Image-2023-12-12-at-13.41.45-768x576.jpeg 768w, http:\/\/modernebiotechnologie.de\/wp-content\/uploads\/2023\/12\/WhatsApp-Image-2023-12-12-at-13.41.45-1536x1152.jpeg 1536w, http:\/\/modernebiotechnologie.de\/wp-content\/uploads\/2023\/12\/WhatsApp-Image-2023-12-12-at-13.41.45.jpeg 1600w\" sizes=\"(max-width: 1024px) 100vw, 1024px\" \/><\/figure>\n\n\n\n<p>Neben dem Programm erhielten wir einen Einblick in den indischen Schulalltag und begleiteten Sch\u00fcler und Lehrer der Fachbereiche Biotechnologie und Deutsch.<br \/>Die Biotechnologielehrer f\u00fchrten die Sch\u00fcler durch die Labore, wobei die Sch\u00fcler die unterschiedlichen Arbeitsweisen in beiden L\u00e4ndern beobachten konnten.<br \/>Im Anschluss an die F\u00fchrung erhielten wir deutschen G\u00e4ste eine spannende Einf\u00fchrung in das Thema Kalluskultur im sterilen Labor, wobei sowohl die Bedeutung als auch die Durchf\u00fchrung eines solchen Experiments besprochen wurden. <br \/>Zur Veranschaulichung wurden verschiedene Sch\u00fclerexperimente und mikroskopische Pr\u00e4parate gezeigt. <br \/>Im Anschluss an die Erkl\u00e4rungen und Demonstrationen hatten die Sch\u00fclerinnen und Sch\u00fcler die M\u00f6glichkeit, unter Anleitung der indischen Lehrerin selbst aktiv an einer Clean Bench zu experimentieren.<\/p>\n\n\n\n<figure class=\"wp-block-image size-large\"><img loading=\"lazy\" decoding=\"async\" width=\"1024\" height=\"559\" src=\"http:\/\/modernebiotechnologie.de\/wp-content\/uploads\/2023\/12\/WhatsApp-Image-2023-12-12-at-13.38.07-1024x559.jpeg\" alt=\"\" class=\"wp-image-2786\" srcset=\"http:\/\/modernebiotechnologie.de\/wp-content\/uploads\/2023\/12\/WhatsApp-Image-2023-12-12-at-13.38.07-1024x559.jpeg 1024w, http:\/\/modernebiotechnologie.de\/wp-content\/uploads\/2023\/12\/WhatsApp-Image-2023-12-12-at-13.38.07-300x164.jpeg 300w, http:\/\/modernebiotechnologie.de\/wp-content\/uploads\/2023\/12\/WhatsApp-Image-2023-12-12-at-13.38.07-768x420.jpeg 768w, http:\/\/modernebiotechnologie.de\/wp-content\/uploads\/2023\/12\/WhatsApp-Image-2023-12-12-at-13.38.07.jpeg 1080w\" sizes=\"(max-width: 1024px) 100vw, 1024px\" \/><\/figure>\n\n\n\n<p>Diese interkulturelle Laborarbeit erm\u00f6glichte den Sch\u00fclern einen praktischen Einblick in die Welt der biotechnologischen Forschung und die unterschiedlichen Herangehensweisen verschiedener L\u00e4nder.<\/p>\n","protected":false},"excerpt":{"rendered":"<p>Im Oktober 2023 besuchten die deutschen Johanna-Wittum-Sch\u00fcler zum ersten Mal ihre Austauschschule, das Modern College of Arts, Science and Commerce in Indien, und wurden dort feierlich begr\u00fc\u00dft.Die indische Schule hatte einen traditionellen indischen Empfang f\u00fcr die deutschen Sch\u00fcler vorbereitet. Die Sch\u00fcler wurden mit Reis und Blumen bestreut und mit einem roten Punkt geschm\u00fcckt. Die indischen [&hellip;]<\/p>\n","protected":false},"author":11,"featured_media":0,"parent":0,"menu_order":0,"comment_status":"closed","ping_status":"closed","template":"","meta":{"footnotes":""},"_links":{"self":[{"href":"http:\/\/modernebiotechnologie.de\/index.php?rest_route=\/wp\/v2\/pages\/2785"}],"collection":[{"href":"http:\/\/modernebiotechnologie.de\/index.php?rest_route=\/wp\/v2\/pages"}],"about":[{"href":"http:\/\/modernebiotechnologie.de\/index.php?rest_route=\/wp\/v2\/types\/page"}],"author":[{"embeddable":true,"href":"http:\/\/modernebiotechnologie.de\/index.php?rest_route=\/wp\/v2\/users\/11"}],"replies":[{"embeddable":true,"href":"http:\/\/modernebiotechnologie.de\/index.php?rest_route=%2Fwp%2Fv2%2Fcomments&post=2785"}],"version-history":[{"count":2,"href":"http:\/\/modernebiotechnologie.de\/index.php?rest_route=\/wp\/v2\/pages\/2785\/revisions"}],"predecessor-version":[{"id":2886,"href":"http:\/\/modernebiotechnologie.de\/index.php?rest_route=\/wp\/v2\/pages\/2785\/revisions\/2886"}],"wp:attachment":[{"href":"http:\/\/modernebiotechnologie.de\/index.php?rest_route=%2Fwp%2Fv2%2Fmedia&parent=2785"}],"curies":[{"name":"wp","href":"https:\/\/api.w.org\/{rel}","templated":true}]}}