{"id":2234,"date":"2022-08-05T01:49:32","date_gmt":"2022-08-04T23:49:32","guid":{"rendered":"http:\/\/modernebiotechnologie.de\/?page_id=2234"},"modified":"2023-07-19T15:46:42","modified_gmt":"2023-07-19T13:46:42","slug":"erasmus-project-2022-2024-gene-editing-by-crispr","status":"publish","type":"page","link":"http:\/\/modernebiotechnologie.de\/?page_id=2234","title":{"rendered":"Erasmus+ Project 2022 &#8211; 2024: Gene Editing by CRISPR"},"content":{"rendered":"\n<p>Gemeinsam mit 7 weiteren Partnerschulen hat die Johanna-Wittum-Schule am 1. Juni 2022 ein neues Erasmus Projekt gestartet mit dem Titel: \u201eEuropean Challenges in Gene Editing by CRISPR\u201c.<\/p>\n\n\n\n<p><\/p>\n\n\n\n<figure class=\"wp-block-image size-large\"><img loading=\"lazy\" decoding=\"async\" width=\"1020\" height=\"1024\" src=\"http:\/\/modernebiotechnologie.de\/wp-content\/uploads\/2023\/07\/Schulpartnerschaften-1020x1024-1.png\" alt=\"\" class=\"wp-image-2583\" srcset=\"http:\/\/modernebiotechnologie.de\/wp-content\/uploads\/2023\/07\/Schulpartnerschaften-1020x1024-1.png 1020w, http:\/\/modernebiotechnologie.de\/wp-content\/uploads\/2023\/07\/Schulpartnerschaften-1020x1024-1-300x300.png 300w, http:\/\/modernebiotechnologie.de\/wp-content\/uploads\/2023\/07\/Schulpartnerschaften-1020x1024-1-150x150.png 150w, http:\/\/modernebiotechnologie.de\/wp-content\/uploads\/2023\/07\/Schulpartnerschaften-1020x1024-1-768x771.png 768w\" sizes=\"(max-width: 1020px) 100vw, 1020px\" \/><\/figure>\n\n\n\n<p>Der Schwerpunkt des Projekts liegt auf der Gen Editierung, welche durch die CRISPR\/Cas9-Entdeckung und deren Anwendung revolutioniert wurde. Deshalb wurde am 7. Oktober 2020 f\u00fcr die Gen Editierung durch CRISPR der Chemie Nobelpreis an Jennifer Doudna und Emanuelle Charpentier verliehen.<\/p>\n\n\n\n<p>Inzwischen hat diese innovative Gen-Editierungsmethode auch Einzug in die Lehrpl\u00e4ne vieler europ\u00e4ischen Gymnasien gefunden.<\/p>\n\n\n\n<p>Ziele des Projekts sind, gemeinsam handlungsorientierte Unterrichtseinheiten mit Labor-Experimenten zu diesem Thema zu entwickeln und diese \u00fcber die Projekthomepage interessierten Schulen zur Verf\u00fcgung zu stellen. Dabei sollen die Unterrichtseinheiten in der Arbeitssprache Englisch und in den Muttersprachen der Projektpartner angeboten werden.<\/p>\n\n\n\n<p>Eine besondere Rolle im Projekt werden die teilnehmenden Sch\u00fclerinnen und Sch\u00fcler spielen. In einem rollierenden System werden sie f\u00fcr die Evaluierung der Unterrichtseinheiten im Labor als Mentoren ausgebildet und unterrichten dann auch ihre Lehrer sowohl mit den entsprechenden Hintergrundinformationen als auch der praktischen Arbeit im Labor.<\/p>\n","protected":false},"excerpt":{"rendered":"<p>Gemeinsam mit 7 weiteren Partnerschulen hat die Johanna-Wittum-Schule am 1. Juni 2022 ein neues Erasmus Projekt gestartet mit dem Titel: \u201eEuropean Challenges in Gene Editing by CRISPR\u201c. Der Schwerpunkt des Projekts liegt auf der Gen Editierung, welche durch die CRISPR\/Cas9-Entdeckung und deren Anwendung revolutioniert wurde. Deshalb wurde am 7. Oktober 2020 f\u00fcr die Gen Editierung [&hellip;]<\/p>\n","protected":false},"author":7,"featured_media":0,"parent":0,"menu_order":0,"comment_status":"closed","ping_status":"closed","template":"","meta":{"footnotes":""},"_links":{"self":[{"href":"http:\/\/modernebiotechnologie.de\/index.php?rest_route=\/wp\/v2\/pages\/2234"}],"collection":[{"href":"http:\/\/modernebiotechnologie.de\/index.php?rest_route=\/wp\/v2\/pages"}],"about":[{"href":"http:\/\/modernebiotechnologie.de\/index.php?rest_route=\/wp\/v2\/types\/page"}],"author":[{"embeddable":true,"href":"http:\/\/modernebiotechnologie.de\/index.php?rest_route=\/wp\/v2\/users\/7"}],"replies":[{"embeddable":true,"href":"http:\/\/modernebiotechnologie.de\/index.php?rest_route=%2Fwp%2Fv2%2Fcomments&post=2234"}],"version-history":[{"count":3,"href":"http:\/\/modernebiotechnologie.de\/index.php?rest_route=\/wp\/v2\/pages\/2234\/revisions"}],"predecessor-version":[{"id":2585,"href":"http:\/\/modernebiotechnologie.de\/index.php?rest_route=\/wp\/v2\/pages\/2234\/revisions\/2585"}],"wp:attachment":[{"href":"http:\/\/modernebiotechnologie.de\/index.php?rest_route=%2Fwp%2Fv2%2Fmedia&parent=2234"}],"curies":[{"name":"wp","href":"https:\/\/api.w.org\/{rel}","templated":true}]}}