{"id":2223,"date":"2022-08-05T01:41:19","date_gmt":"2022-08-04T23:41:19","guid":{"rendered":"http:\/\/modernebiotechnologie.de\/?page_id=2223"},"modified":"2023-07-21T15:46:18","modified_gmt":"2023-07-21T13:46:18","slug":"wun-gruppe-neu-formiert","status":"publish","type":"page","link":"http:\/\/modernebiotechnologie.de\/?page_id=2223","title":{"rendered":"WUN &#8211; Gruppe neu formiert"},"content":{"rendered":"\n<p>Nachdem sich zum Schuljahresende 2022 unser langj\u00e4hriges Mitglied Dr. Roland Studer in den wohlverdienten \u201eUnruhestand\u201c verabschiedet hat, wurde die WUN-Gruppe durch Dr. Bernd Dittrich wieder vervollst\u00e4ndigt.<\/p>\n\n\n\n<p><\/p>\n\n\n\n<div class=\"wp-block-media-text alignwide is-stacked-on-mobile\"><figure class=\"wp-block-media-text__media\"><img loading=\"lazy\" decoding=\"async\" width=\"1024\" height=\"768\" src=\"http:\/\/modernebiotechnologie.de\/wp-content\/uploads\/2022\/08\/Bild-1-1024x768.jpg\" alt=\"\" class=\"wp-image-2222 size-full\" srcset=\"http:\/\/modernebiotechnologie.de\/wp-content\/uploads\/2022\/08\/Bild-1-1024x768.jpg 1024w, http:\/\/modernebiotechnologie.de\/wp-content\/uploads\/2022\/08\/Bild-1-300x225.jpg 300w, http:\/\/modernebiotechnologie.de\/wp-content\/uploads\/2022\/08\/Bild-1-768x576.jpg 768w, http:\/\/modernebiotechnologie.de\/wp-content\/uploads\/2022\/08\/Bild-1-1536x1152.jpg 1536w, http:\/\/modernebiotechnologie.de\/wp-content\/uploads\/2022\/08\/Bild-1-2048x1536.jpg 2048w\" sizes=\"(max-width: 1024px) 100vw, 1024px\" \/><\/figure><div class=\"wp-block-media-text__content\">\n<p>WUN-Gruppe von links: Dr. Bernd Dittrich, Dr. Hauke Holtorf, Dr. J\u00fcrgen Braun und Thomas D\u00fcrr<\/p>\n<\/div><\/div>\n\n\n\n<p>Bei der diesj\u00e4hrigen Vorbereitung der WUN-Fortbildungsreihe f\u00fcr das kommende Schuljahr zum Thema \u201eNanopore Sequenzierung eines mit CRISPR\/Cas9 geschnittenen Plasmids\u201c im S1-Labor der Albert-Schweitzer-Schule in Villingen-Schwenningen am 15. und 16.7.2022, waren nicht nur alle WUN-Aktiven vor Ort, sondern auch die 2 JWS-Sch\u00fcler Nico und Ming, die f\u00fcr die Dokumentation der Laborarbeiten zum Experiment zust\u00e4ndig waren.<\/p>\n\n\n\n<p>Unterst\u00fctzt wurde das WUN-Team ferner von Prof. Dr. R\u00f6bbe W\u00fcnschiers (Hochschule Mittweida) und seinem ehemaligen Doktoranden Dr. Robert Leidenfrost. Mit den beiden Profis im Umgang mit dem Oxford Nanopore Sequenzierungs System wurden schnell erste beeindruckende Ergebnisse zur Leistungsf\u00e4higkeit dieser Third Generation Sequenzierungsmethode erzielt: Nach dem CRISPR\/Cas9-Schnitt in das Plasmid pBR322 und der sich anschlie\u00dfenden Sequenzierung konnten bereits nach einer 10 min\u00fctigen Sequenzierungsdauer sowohl die CRISPR\/Cas9 Zielsequenz als auch die PAM-Sequenz an der Schnittstelle im linearisierten Plasmid pBR322 (4361 Bp) identifiziert werden.<\/p>\n\n\n\n<p><\/p>\n\n\n\n<figure class=\"wp-block-image size-large\"><img loading=\"lazy\" decoding=\"async\" width=\"1024\" height=\"497\" src=\"http:\/\/modernebiotechnologie.de\/wp-content\/uploads\/2022\/08\/Bild-2-1024x497.jpg\" alt=\"\" class=\"wp-image-2225\" srcset=\"http:\/\/modernebiotechnologie.de\/wp-content\/uploads\/2022\/08\/Bild-2-1024x497.jpg 1024w, http:\/\/modernebiotechnologie.de\/wp-content\/uploads\/2022\/08\/Bild-2-300x146.jpg 300w, http:\/\/modernebiotechnologie.de\/wp-content\/uploads\/2022\/08\/Bild-2-768x373.jpg 768w, http:\/\/modernebiotechnologie.de\/wp-content\/uploads\/2022\/08\/Bild-2-1536x746.jpg 1536w, http:\/\/modernebiotechnologie.de\/wp-content\/uploads\/2022\/08\/Bild-2.jpg 1600w\" sizes=\"(max-width: 1024px) 100vw, 1024px\" \/><figcaption>Nach erfolgreicher Laborarbeit von links: Nico, Roland, J\u00fcrgen, Robert, R\u00f6bbe, Bernd, Ming, Hauke und Thomas.<br>&nbsp;<\/figcaption><\/figure>\n\n\n\n<p><\/p>\n\n\n\n<div class=\"wp-block-media-text alignwide is-stacked-on-mobile\"><figure class=\"wp-block-media-text__media\"><img loading=\"lazy\" decoding=\"async\" width=\"1024\" height=\"768\" src=\"http:\/\/modernebiotechnologie.de\/wp-content\/uploads\/2022\/08\/Bild-3-1024x768.jpg\" alt=\"\" class=\"wp-image-2226 size-full\" srcset=\"http:\/\/modernebiotechnologie.de\/wp-content\/uploads\/2022\/08\/Bild-3-1024x768.jpg 1024w, http:\/\/modernebiotechnologie.de\/wp-content\/uploads\/2022\/08\/Bild-3-300x225.jpg 300w, http:\/\/modernebiotechnologie.de\/wp-content\/uploads\/2022\/08\/Bild-3-768x576.jpg 768w, http:\/\/modernebiotechnologie.de\/wp-content\/uploads\/2022\/08\/Bild-3-1536x1152.jpg 1536w, http:\/\/modernebiotechnologie.de\/wp-content\/uploads\/2022\/08\/Bild-3.jpg 2016w\" sizes=\"(max-width: 1024px) 100vw, 1024px\" \/><\/figure><div class=\"wp-block-media-text__content\">\n<p>R\u00f6bbe W\u00fcnschiers sichtlich begeistert vom Sequenzierergebnis nach dem CRISPR\/Cas9-Schnitt<\/p>\n<\/div><\/div>\n\n\n\n<p>In aufgelockerter Atmosph\u00e4re nach der erfolgreichen Laborarbeit wurde schlie\u00dflich Roland in den Ruhestand verabschiedet.<\/p>\n\n\n\n<p><\/p>\n\n\n\n<figure class=\"wp-block-image size-large\"><img loading=\"lazy\" decoding=\"async\" width=\"1024\" height=\"768\" src=\"http:\/\/modernebiotechnologie.de\/wp-content\/uploads\/2022\/08\/Bild-4-1024x768.jpg\" alt=\"\" class=\"wp-image-2230\" srcset=\"http:\/\/modernebiotechnologie.de\/wp-content\/uploads\/2022\/08\/Bild-4-1024x768.jpg 1024w, http:\/\/modernebiotechnologie.de\/wp-content\/uploads\/2022\/08\/Bild-4-300x225.jpg 300w, http:\/\/modernebiotechnologie.de\/wp-content\/uploads\/2022\/08\/Bild-4-768x576.jpg 768w, http:\/\/modernebiotechnologie.de\/wp-content\/uploads\/2022\/08\/Bild-4-1536x1152.jpg 1536w, http:\/\/modernebiotechnologie.de\/wp-content\/uploads\/2022\/08\/Bild-4.jpg 2016w\" sizes=\"(max-width: 1024px) 100vw, 1024px\" \/><\/figure>\n\n\n\n<p><\/p>\n","protected":false},"excerpt":{"rendered":"<p>Nachdem sich zum Schuljahresende 2022 unser langj\u00e4hriges Mitglied Dr. Roland Studer in den wohlverdienten \u201eUnruhestand\u201c verabschiedet hat, wurde die WUN-Gruppe durch Dr. Bernd Dittrich wieder vervollst\u00e4ndigt. WUN-Gruppe von links: Dr. Bernd Dittrich, Dr. Hauke Holtorf, Dr. J\u00fcrgen Braun und Thomas D\u00fcrr Bei der diesj\u00e4hrigen Vorbereitung der WUN-Fortbildungsreihe f\u00fcr das kommende Schuljahr zum Thema \u201eNanopore Sequenzierung [&hellip;]<\/p>\n","protected":false},"author":7,"featured_media":0,"parent":0,"menu_order":0,"comment_status":"closed","ping_status":"closed","template":"","meta":{"footnotes":""},"_links":{"self":[{"href":"http:\/\/modernebiotechnologie.de\/index.php?rest_route=\/wp\/v2\/pages\/2223"}],"collection":[{"href":"http:\/\/modernebiotechnologie.de\/index.php?rest_route=\/wp\/v2\/pages"}],"about":[{"href":"http:\/\/modernebiotechnologie.de\/index.php?rest_route=\/wp\/v2\/types\/page"}],"author":[{"embeddable":true,"href":"http:\/\/modernebiotechnologie.de\/index.php?rest_route=\/wp\/v2\/users\/7"}],"replies":[{"embeddable":true,"href":"http:\/\/modernebiotechnologie.de\/index.php?rest_route=%2Fwp%2Fv2%2Fcomments&post=2223"}],"version-history":[{"count":7,"href":"http:\/\/modernebiotechnologie.de\/index.php?rest_route=\/wp\/v2\/pages\/2223\/revisions"}],"predecessor-version":[{"id":2642,"href":"http:\/\/modernebiotechnologie.de\/index.php?rest_route=\/wp\/v2\/pages\/2223\/revisions\/2642"}],"wp:attachment":[{"href":"http:\/\/modernebiotechnologie.de\/index.php?rest_route=%2Fwp%2Fv2%2Fmedia&parent=2223"}],"curies":[{"name":"wp","href":"https:\/\/api.w.org\/{rel}","templated":true}]}}