{"id":2049,"date":"2021-11-22T17:11:37","date_gmt":"2021-11-22T16:11:37","guid":{"rendered":"http:\/\/modernebiotechnologie.de\/?page_id=2049"},"modified":"2023-07-19T16:46:47","modified_gmt":"2023-07-19T14:46:47","slug":"indien-austausch","status":"publish","type":"page","link":"http:\/\/modernebiotechnologie.de\/?page_id=2049","title":{"rendered":"Indien-Austausch"},"content":{"rendered":"\n<p><strong>Neue Schulpartnerschaft mit Indien<\/strong><\/p>\n\n\n\n<p>Die Johanna-Wittum-Schule hat gemeinsam mit dem Goethe-Institut in Pune und dem P\u00e4dagogischen Austauschdienst in Bonn eine weitere Schulpartnerschaft mit dem Modern<br>College of Arts, Science and Commerce in Pune gestartet. Die indische Partnerschule besitzt unter ihrem Dach sowohl ein Biotechnologisches Gymnasium als auch ein Biotechnologie-College und ist damit in Fachkreisen weit \u00fcber die Grenzen der 6,8 Millionenstadt hinaus bekannt.<\/p>\n\n\n\n<p>Beide Partnerschulen wollen sich im Bereich Biotechnologie austauschen und so voneinander<br>lernen.<\/p>\n\n\n\n<p>Erste virtuelle Treffen haben bereits stattgefunden. Jeweils 10 Sch\u00fclerinnen und Sch\u00fcler beider Schulen stehen miteinander in intensivem Kontakt.<\/p>\n\n\n\n<p>Im 1. Schritt wurden gemeinsame Projekte im Bereich Biotechnologie erarbeitet und den Projektteilnehmern pr\u00e4sentiert.<\/p>\n\n\n\n<p>Im 2. Schritt wird vom 25.10.2023 bis zum 04.11.2023 ein erster Sch\u00fcleraustausch an unserer Partnerschule in Pune stattfinden. Die JWS Sch\u00fcler Saleem Khan, Viviane Neugebauer, Helena Burckhart und Mina \u00d6zisletici reisen mit ihrem Lehrer Dr.Braun nach Pune. Mit gro\u00dfem Interesse sehen wir der Herausforderung entgegen.<br>Wir werden ein gemeinsames biotechnologisches Projekt in Pune bearbeiten, in Gastfamilien leben und mit gro\u00dfer Freude die Kultur in Indien kennenlernen.<br>Im Mai 2024 soll der Gegenbesuch in Pforzheim stattfinden.<\/p>\n\n\n\n<p><\/p>\n\n\n\n<p><\/p>\n\n\n\n<p><\/p>\n\n\n\n<p><\/p>\n\n\n\n<figure class=\"wp-block-image size-large\"><img loading=\"lazy\" decoding=\"async\" width=\"1012\" height=\"1024\" src=\"http:\/\/modernebiotechnologie.de\/wp-content\/uploads\/2022\/04\/Bildschirmfoto-2022-04-26-um-22.10.52-1012x1024.png\" alt=\"\" class=\"wp-image-2174\" srcset=\"http:\/\/modernebiotechnologie.de\/wp-content\/uploads\/2022\/04\/Bildschirmfoto-2022-04-26-um-22.10.52-1012x1024.png 1012w, http:\/\/modernebiotechnologie.de\/wp-content\/uploads\/2022\/04\/Bildschirmfoto-2022-04-26-um-22.10.52-297x300.png 297w, http:\/\/modernebiotechnologie.de\/wp-content\/uploads\/2022\/04\/Bildschirmfoto-2022-04-26-um-22.10.52-768x777.png 768w, http:\/\/modernebiotechnologie.de\/wp-content\/uploads\/2022\/04\/Bildschirmfoto-2022-04-26-um-22.10.52.png 1489w\" sizes=\"(max-width: 1012px) 100vw, 1012px\" \/><\/figure>\n","protected":false},"excerpt":{"rendered":"<p>Neue Schulpartnerschaft mit Indien Die Johanna-Wittum-Schule hat gemeinsam mit dem Goethe-Institut in Pune und dem P\u00e4dagogischen Austauschdienst in Bonn eine weitere Schulpartnerschaft mit dem ModernCollege of Arts, Science and Commerce in Pune gestartet. Die indische Partnerschule besitzt unter ihrem Dach sowohl ein Biotechnologisches Gymnasium als auch ein Biotechnologie-College und ist damit in Fachkreisen weit \u00fcber [&hellip;]<\/p>\n","protected":false},"author":7,"featured_media":0,"parent":0,"menu_order":0,"comment_status":"closed","ping_status":"closed","template":"","meta":{"footnotes":""},"_links":{"self":[{"href":"http:\/\/modernebiotechnologie.de\/index.php?rest_route=\/wp\/v2\/pages\/2049"}],"collection":[{"href":"http:\/\/modernebiotechnologie.de\/index.php?rest_route=\/wp\/v2\/pages"}],"about":[{"href":"http:\/\/modernebiotechnologie.de\/index.php?rest_route=\/wp\/v2\/types\/page"}],"author":[{"embeddable":true,"href":"http:\/\/modernebiotechnologie.de\/index.php?rest_route=\/wp\/v2\/users\/7"}],"replies":[{"embeddable":true,"href":"http:\/\/modernebiotechnologie.de\/index.php?rest_route=%2Fwp%2Fv2%2Fcomments&post=2049"}],"version-history":[{"count":9,"href":"http:\/\/modernebiotechnologie.de\/index.php?rest_route=\/wp\/v2\/pages\/2049\/revisions"}],"predecessor-version":[{"id":2591,"href":"http:\/\/modernebiotechnologie.de\/index.php?rest_route=\/wp\/v2\/pages\/2049\/revisions\/2591"}],"wp:attachment":[{"href":"http:\/\/modernebiotechnologie.de\/index.php?rest_route=%2Fwp%2Fv2%2Fmedia&parent=2049"}],"curies":[{"name":"wp","href":"https:\/\/api.w.org\/{rel}","templated":true}]}}