{"id":1641,"date":"2021-01-24T14:35:32","date_gmt":"2021-01-24T13:35:32","guid":{"rendered":"http:\/\/modernebiotechnologie.de\/?page_id=1641"},"modified":"2021-12-06T18:35:36","modified_gmt":"2021-12-06T17:35:36","slug":"vorstellung-der-biotech-ag","status":"publish","type":"page","link":"http:\/\/modernebiotechnologie.de\/?page_id=1641","title":{"rendered":"Vorstellung der Biotech-AG"},"content":{"rendered":"\n<p class=\"has-large-font-size\"><strong><a href=\"http:\/\/modernebiotechnologie.de\/wp-content\/uploads\/2021\/01\/Vorstellung-der-Biotech-AG.pptx\">Unsere Aktivit\u00e4te<\/a><\/strong><a href=\"http:\/\/modernebiotechnologie.de\/wp-content\/uploads\/2021\/01\/Vorstellung-der-Biotech-AG.pptx\"><strong>n<\/strong><\/a><\/p>\n\n\n\n<p>  <\/p>\n\n\n\n<figure class=\"wp-block-image size-large\"><img loading=\"lazy\" decoding=\"async\" width=\"1022\" height=\"1024\" src=\"http:\/\/modernebiotechnologie.de\/wp-content\/uploads\/2021\/12\/image-5-1022x1024.png\" alt=\"\" class=\"wp-image-2076\" srcset=\"http:\/\/modernebiotechnologie.de\/wp-content\/uploads\/2021\/12\/image-5-1022x1024.png 1022w, http:\/\/modernebiotechnologie.de\/wp-content\/uploads\/2021\/12\/image-5-300x300.png 300w, http:\/\/modernebiotechnologie.de\/wp-content\/uploads\/2021\/12\/image-5-150x150.png 150w, http:\/\/modernebiotechnologie.de\/wp-content\/uploads\/2021\/12\/image-5-768x769.png 768w, http:\/\/modernebiotechnologie.de\/wp-content\/uploads\/2021\/12\/image-5-510x510.png 510w, http:\/\/modernebiotechnologie.de\/wp-content\/uploads\/2021\/12\/image-5.png 1057w\" sizes=\"(max-width: 1022px) 100vw, 1022px\" \/><\/figure>\n\n\n\n<p>  <\/p>\n\n\n\n<p><strong>Interviews mit ehemaligen Sch\u00fclern<\/strong><\/p>\n\n\n\n<p>Die beiden ehemaligen Sch\u00fcler Tobias und Sebastian berichten r\u00fcckblickend \u00fcber ihre Erfahrungen am Biotechnologischen Gymnasium und in der Biotechnologie-AG.<\/p>\n\n\n\n<figure class=\"wp-block-embed is-type-video is-provider-youtube wp-block-embed-youtube wp-embed-aspect-16-9 wp-has-aspect-ratio\"><div class=\"wp-block-embed__wrapper\">\n<iframe loading=\"lazy\" title=\"Interview mit den Ehemaligen\" width=\"1140\" height=\"641\" src=\"https:\/\/www.youtube.com\/embed\/ovif0mOK2mA?feature=oembed\" frameborder=\"0\" allow=\"accelerometer; autoplay; clipboard-write; encrypted-media; gyroscope; picture-in-picture\" allowfullscreen><\/iframe>\n<\/div><\/figure>\n","protected":false},"excerpt":{"rendered":"<p>Unsere Aktivit\u00e4ten Interviews mit ehemaligen Sch\u00fclern Die beiden ehemaligen Sch\u00fcler Tobias und Sebastian berichten r\u00fcckblickend \u00fcber ihre Erfahrungen am Biotechnologischen Gymnasium und in der Biotechnologie-AG.<\/p>\n","protected":false},"author":5,"featured_media":0,"parent":0,"menu_order":0,"comment_status":"closed","ping_status":"closed","template":"","meta":{"footnotes":""},"_links":{"self":[{"href":"http:\/\/modernebiotechnologie.de\/index.php?rest_route=\/wp\/v2\/pages\/1641"}],"collection":[{"href":"http:\/\/modernebiotechnologie.de\/index.php?rest_route=\/wp\/v2\/pages"}],"about":[{"href":"http:\/\/modernebiotechnologie.de\/index.php?rest_route=\/wp\/v2\/types\/page"}],"author":[{"embeddable":true,"href":"http:\/\/modernebiotechnologie.de\/index.php?rest_route=\/wp\/v2\/users\/5"}],"replies":[{"embeddable":true,"href":"http:\/\/modernebiotechnologie.de\/index.php?rest_route=%2Fwp%2Fv2%2Fcomments&post=1641"}],"version-history":[{"count":22,"href":"http:\/\/modernebiotechnologie.de\/index.php?rest_route=\/wp\/v2\/pages\/1641\/revisions"}],"predecessor-version":[{"id":2078,"href":"http:\/\/modernebiotechnologie.de\/index.php?rest_route=\/wp\/v2\/pages\/1641\/revisions\/2078"}],"wp:attachment":[{"href":"http:\/\/modernebiotechnologie.de\/index.php?rest_route=%2Fwp%2Fv2%2Fmedia&parent=1641"}],"curies":[{"name":"wp","href":"https:\/\/api.w.org\/{rel}","templated":true}]}}