{"id":1120,"date":"2020-01-29T10:47:38","date_gmt":"2020-01-29T09:47:38","guid":{"rendered":"http:\/\/modernebiotechnologie.de\/?page_id=1120"},"modified":"2022-04-13T15:21:03","modified_gmt":"2022-04-13T13:21:03","slug":"treffen-in-thisted-02-10-05-10-2019","status":"publish","type":"page","link":"http:\/\/modernebiotechnologie.de\/?page_id=1120","title":{"rendered":"Treffen in Thisted 02.10. &#8211; 05.10.2019"},"content":{"rendered":"\n<div class=\"wp-block-button\"><a class=\"wp-block-button__link has-vivid-cyan-blue-color has-vivid-cyan-blue-background-color has-text-color has-background\" href=\"http:\/\/modernebiotechnologie.de\/wp-content\/uploads\/2020\/01\/Thisted.Neu_.neu_.mp4\"><span style=\"color:#313131\" class=\"tadv-color\"><span style=\"background-color:#0693e3\" class=\"tadv-background-color\">Diashow<\/span><\/span><\/a><\/div>\n\n\n\n<p>Wir starteten unsere neues Projekt &#8220; European challenges in genetics and epigenetics&#8220; in Thisted( D\u00e4nemark), welches vom 02.- 05.10.2019 stattfand. Wir kamen dienstagnachmittag in Thisted an und verbrachten den Abend mit unseren Gastfamilien. Am Mittwoch war unser erster Tag am Thisted Gymnasium.&nbsp;<\/p>\n\n\n\n<figure class=\"wp-block-image\"><img decoding=\"async\" src=\"http:\/\/modernebiotechnologie.de\/wp-content\/uploads\/2020\/01\/IMG-20191005-WA0010.jpg\" alt=\"\"\/><\/figure>\n\n\n\n<p>Nach einer Willkommensfeier fingen wir an zu arbeiten. Zuerst erarbeiteten wir die Laborprotokolle in Englisch und \u00fcbersetzten sie anschlie\u00dfend in unsere Muttersprachen. Au\u00dferdem haben wir Hintergrundpr\u00e4sentationen f\u00fcr die zwei Themen vorbereitet. Am Donnerstag haben wir unsere Arbeiten pr\u00e4sentiert und \u00fcberlegt wie wir sie verbessern k\u00f6nnen.&nbsp;<\/p>\n\n\n\n<figure class=\"wp-block-image\"><img decoding=\"async\" src=\"http:\/\/modernebiotechnologie.de\/wp-content\/uploads\/2020\/01\/IMG-20191005-WA0008.jpg\" alt=\"\"\/><\/figure>\n\n\n\n<p> Als symbolischer Akt zur Reduzierung von CO2, das wir w\u00e4hrend unserer Reise produzieren, pflanzten wir mit der B\u00fcrgermeisterin Ulla Vestergaard und dem stellvertretenden Rektor Orla Poulsen B\u00e4ume.  <\/p>\n\n\n\n<div class=\"wp-block-image\"><figure class=\"aligncenter is-resized\"><img loading=\"lazy\" decoding=\"async\" src=\"http:\/\/modernebiotechnologie.de\/wp-content\/uploads\/2020\/01\/IMG-20191005-WA0007.jpg\" alt=\"\" width=\"743\" height=\"743\"\/><\/figure><\/div>\n\n\n\n<p>Als kulturellen H\u00f6hepunkt des Projekts gingen wir an einen Strand, den man &#8222;Cold Hawaii&#8220; nennt und lernten surfen. Das Besondere dabei war die Temperatur von 8\u00b0C, Regen und starker Wind, was es zu einem unvergessliches Erlebnis machte.&nbsp;<\/p>\n\n\n\n<div class=\"wp-block-image\"><figure class=\"aligncenter is-resized\"><img loading=\"lazy\" decoding=\"async\" src=\"http:\/\/modernebiotechnologie.de\/wp-content\/uploads\/2020\/01\/IMG-20191005-WA0009.jpg\" alt=\"\" width=\"752\" height=\"423\"\/><\/figure><\/div>\n\n\n\n<p>Nach einem gro\u00dfen Danke an unsere Gastfamilien und einem Abschiedsessen fuhren wir schweren Herzens wieder nach Hause.<\/p>\n","protected":false},"excerpt":{"rendered":"<p>Wir starteten unsere neues Projekt &#8220; European challenges in genetics and epigenetics&#8220; in Thisted( D\u00e4nemark), welches vom 02.- 05.10.2019 stattfand. Wir kamen dienstagnachmittag in Thisted an und verbrachten den Abend mit unseren Gastfamilien. Am Mittwoch war unser erster Tag am Thisted Gymnasium.&nbsp; Nach einer Willkommensfeier fingen wir an zu arbeiten. Zuerst erarbeiteten wir die Laborprotokolle [&hellip;]<\/p>\n","protected":false},"author":5,"featured_media":0,"parent":0,"menu_order":0,"comment_status":"closed","ping_status":"closed","template":"","meta":{"footnotes":""},"_links":{"self":[{"href":"http:\/\/modernebiotechnologie.de\/index.php?rest_route=\/wp\/v2\/pages\/1120"}],"collection":[{"href":"http:\/\/modernebiotechnologie.de\/index.php?rest_route=\/wp\/v2\/pages"}],"about":[{"href":"http:\/\/modernebiotechnologie.de\/index.php?rest_route=\/wp\/v2\/types\/page"}],"author":[{"embeddable":true,"href":"http:\/\/modernebiotechnologie.de\/index.php?rest_route=\/wp\/v2\/users\/5"}],"replies":[{"embeddable":true,"href":"http:\/\/modernebiotechnologie.de\/index.php?rest_route=%2Fwp%2Fv2%2Fcomments&post=1120"}],"version-history":[{"count":10,"href":"http:\/\/modernebiotechnologie.de\/index.php?rest_route=\/wp\/v2\/pages\/1120\/revisions"}],"predecessor-version":[{"id":2159,"href":"http:\/\/modernebiotechnologie.de\/index.php?rest_route=\/wp\/v2\/pages\/1120\/revisions\/2159"}],"wp:attachment":[{"href":"http:\/\/modernebiotechnologie.de\/index.php?rest_route=%2Fwp%2Fv2%2Fmedia&parent=1120"}],"curies":[{"name":"wp","href":"https:\/\/api.w.org\/{rel}","templated":true}]}}

<div class="wp-block-button"><a class="wp-block-button__link has-vivid-cyan-blue-color has-vivid-cyan-blue-background-color has-text-color has-background" href="http://modernebiotechnologie.de/wp-content/uploads/2020/01/Thisted.Neu_.neu_.mp4"><span style="color:#313131" class="tadv-color"><span style="background-color:#0693e3" class="tadv-background-color">Diashow</span></span></a></div>



<p>Wir starteten unsere neues Projekt &#8220; European challenges in genetics and epigenetics&#8220; in Thisted( Dänemark), welches vom 02.- 05.10.2019 stattfand. Wir kamen dienstagnachmittag in Thisted an und verbrachten den Abend mit unseren Gastfamilien. Am Mittwoch war unser erster Tag am Thisted Gymnasium.&nbsp;</p>



<figure class="wp-block-image"><img decoding="async" src="http://modernebiotechnologie.de/wp-content/uploads/2020/01/IMG-20191005-WA0010.jpg" alt=""/></figure>



<p>Nach einer Willkommensfeier fingen wir an zu arbeiten. Zuerst erarbeiteten wir die Laborprotokolle in Englisch und übersetzten sie anschließend in unsere Muttersprachen. Außerdem haben wir Hintergrundpräsentationen für die zwei Themen vorbereitet. Am Donnerstag haben wir unsere Arbeiten präsentiert und überlegt wie wir sie verbessern können.&nbsp;</p>



<figure class="wp-block-image"><img decoding="async" src="http://modernebiotechnologie.de/wp-content/uploads/2020/01/IMG-20191005-WA0008.jpg" alt=""/></figure>



<p> Als symbolischer Akt zur Reduzierung von CO2, das wir während unserer Reise produzieren, pflanzten wir mit der Bürgermeisterin Ulla Vestergaard und dem stellvertretenden Rektor Orla Poulsen Bäume.  </p>



<div class="wp-block-image"><figure class="aligncenter is-resized"><img loading="lazy" decoding="async" src="http://modernebiotechnologie.de/wp-content/uploads/2020/01/IMG-20191005-WA0007.jpg" alt="" width="743" height="743"/></figure></div>



<p>Als kulturellen Höhepunkt des Projekts gingen wir an einen Strand, den man &#8222;Cold Hawaii&#8220; nennt und lernten surfen. Das Besondere dabei war die Temperatur von 8°C, Regen und starker Wind, was es zu einem unvergessliches Erlebnis machte.&nbsp;</p>



<div class="wp-block-image"><figure class="aligncenter is-resized"><img loading="lazy" decoding="async" src="http://modernebiotechnologie.de/wp-content/uploads/2020/01/IMG-20191005-WA0009.jpg" alt="" width="752" height="423"/></figure></div>



<p>Nach einem großen Danke an unsere Gastfamilien und einem Abschiedsessen fuhren wir schweren Herzens wieder nach Hause.</p>

<p>Wir starteten unsere neues Projekt &#8220; European challenges in genetics and epigenetics&#8220; in Thisted( Dänemark), welches vom 02.- 05.10.2019 stattfand. Wir kamen dienstagnachmittag in Thisted an und verbrachten den Abend mit unseren Gastfamilien. Am Mittwoch war unser erster Tag am Thisted Gymnasium.&nbsp; Nach einer Willkommensfeier fingen wir an zu arbeiten. Zuerst erarbeiteten wir die Laborprotokolle [&hellip;]</p>
